e y(g).
11
Suppose -4*d + 2*k - 14 = 0, 8*d - 7*d = 4*k. Let c(y) = -1923*y + 8. Let a(f) = 1440*f - 8. Let l(x) = 4*a(x) + 3*c(x). What is l(d)?
28
Let p(x) be the third derivative of -4*x**5/15 + 2*x**4/3 + 5*x**3/2 - 1089*x**2. What is p(-1)?
-17
Let q(g) = g - 4. Suppose 0 = -3*u - 12, 2*a + 5*u = -a + 109. Suppose -2*r + a - 31 = 0. Suppose -5*p - 4 = f - 18, 5*p - r = f. Calculate q(f).
0
Let r(z) = -z**2 - 6*z + 7. Let b(h) = 5*h**2 + 23*h - 29. Let c(p) = -2*b(p) - 9*r(p). Let q be (45/30)/(1 + (-623)/626). Let g = q - 306. What is c(g)?
2
Let c(n) = -7*n + 7. Let g(w) = -w**3 - 6*w**2 - 4*w + 7. Let s be g(0). Give c(s).
-42
Let p = -10 - -15. Suppose 0 = -o + 3*a + 17, 5*o - 3*a - 129 = a. Let j(u) = -u**2 + 7*u - 61 + 29 + o. Calculate j(p).
7
Let n(c) = -2 - 8 - 4 - 3*c. Let l = -273215 + 273209. What is n(l)?
4
Let d = 76 - -31. Let c(q) = -1 + d*q - 109*q + 2 - 5. What is c(-7)?
10
Let f(w) = 3*w + 1. Suppose 36 = 7*v - 5*v + 2*v. Determine f(v).
28
Suppose j - 4*p - 135 = 0, 0 = -j - 4*p + 88 + 55. Let s(y) = -140*y + j*y + 0 + 3. Calculate s(-11).
14
Let g(c) be the third derivative of -1/120*c**6 + 0*c - 1/6*c**4 - 1/15*c**5 - 2/3*c**3 - c**2 + 0. Give g(-3).
-1
Let f(c) = 6*c**2 + 178*c + 100. Let r be f(-29). Let g(x) = x**2 + 14*x - 30. Give g(r).
2
Suppose 4*y + 758 = 762. Let p(n) be the first derivative of n**3/3 - n**2/2 - n - 4. Let o(q) = 9*q - 1. Let d(u) = y*p(u) - o(u). Give d(8).
-16
Let y = 8 + 7. Suppose -2*a + z = a - 8, -5*a + 2*z = -y. Let h(t) = 9*t**2 + 5*t - 5. Let g(d) = -17*d**2 - 9*d + 9. Let u(o) = -6*g(o) - 11*h(o). Give u(a).
3
Let m(b) = 8*b**2 - b - 1. Let k be m(-2). Let n be (2/4)/(k/(-396)). Let f(c) = 0 + 2 + 6*c - 3 + c**2. Determine f(n).
-1
Let l(v) be the third derivative of v**6/60 + v**5/15 - v**4/3 - 2*v**3/3 - 1574*v**2. Give l(-5).
-114
Let z(t) be the second derivative of 2 - 4/3*t**3 - 24*t - 3/2*t**2. What is z(-1)?
5
Let k = -145 - -132. Let r(g) = 2*g - 26. Let h(s) = s - 13. Let u(n) = k*h(n) + 6*r(n). What is u(14)?
-1
Let c(f) be the third derivative of -5/6*f**3 + 0 - 1/120*f**6 + 18*f**2 + 0*f**4 + 0*f + 1/15*f**5. Determine c(4).
-5
Let q be (4*-1)/2 + -34. Let r be ((-6)/(-4))/((-40348)/1760 + 23). Let b be 4/q - r/(-18). Let w(s) = 8*s - 1. Calculate w(b).
7
Let a(t) = -t**3 - 77*t**2 + 76*t - 149. Let p be a(-78). Let l(z) = z**3 - 8*z**2 + 2*z - 14. Calculate l(p).
-49
Let h(j) = j**2 + 37*j - 148. Let w(t) = 1. Let o(f) = h(f) - 2*w(f). Give o(4).
14
Let q = 312 - 178. Suppose 2*b - g = -7 + 136, q = 2*b + 4*g. Let w(s) = 64*s**3 - 3*s**2 - b*s**3 - 3*s + 0 - 1. Give w(-3).
8
Let a(x) be the second derivative of -x**5/30 + 5*x**4/8 - 53*x**3/6 - 5*x. Let u(h) be the second derivative of a(h). Determine u(10).
-25
Suppose -2 = 2*k + 6. Let c(z) = z**2 - 2. Let d = 165 + -175. Let y(o) = -2*o**2 + 5. Let f(i) = d*c(i) + k*y(i). Give f(-2).
-8
Let r be (3 - (-9)/((-63)/34))*-7. Suppose -r*q + 103 = -53. Let s(j) = -2*j + 23. Calculate s(q).
-1
Suppose 868 = -5*y - 52. Let w = -182 - y. Let l(k) = -3*k + 5. Determine l(w).
-1
Suppose -6*b + 112 = -22*b. Let f(l) be the first derivative of l**4/4 + 7*l**3/3 - l**2 - 7*l - 444. Give f(b).
7
Let k(v) = -v**3 - 7*v**2 + 39*v + 87. Let w(a) = -2*a**3 - a**2 + 233*a + 12. Let f be w(-11). Calculate k(f).
-3
Suppose 2*j = 2*s - 2, -2*s = 22*j - 17*j - 16. Let z(l) = 595*l + 11 + l**j - 303*l - 298*l. Give z(5).
6
Let p be ((-22)/(-77))/((-48)/(-476)) + (-20)/15. Let c(i) be the first derivative of -14 + i**2 + p*i**4 - i + 0*i**3. What is c(1)?
7
Let v = 0 - -5. Suppose 0 = -h - 0*y + y - 2, 5*h + v*y - 10 = 0. Let k(q) = 11*q + 24. Let r(f) = 20*f + 43. Let d(c) = 11*k(c) - 6*r(c). What is d(h)?
6
Let s(y) = -16*y**2 + 2. Suppose -295*b = 2*v - 297*b, 0 = v + 3*b - 8. What is s(v)?
-62
Let u be 56/42*3 - (-1 - 1). Let t be 5 - (1 - 0) - (-14 + u). Let d(r) = -r**2 + 10*r + 18. Give d(t).
-6
Let i(v) be the third derivative of -v**6/60 - 13*v**5/60 + v**4/24 - 15*v**3/2 - 103*v**2 + 2*v - 5. What is i(-7)?
-3
Suppose 4 = 2*a - 5*t, t - 3*t = -3*a + 6. Suppose 2*l - 8 = 2*i + 2, 5*i + a*l + 11 = 0. Let z(g) = 27*g - g**2 + 4 - 22*g + 2*g**2. Determine z(i).
-2
Let w(k) = k**2 + k - 44. Let g be w(7). Suppose -g*x + 32*x = 80. Let j(o) = 8*o - 4. Give j(x).
28
Let g(c) = -8*c + c + 15 - 13. Let n(w) = -20*w + 5. Let x(a) = -17*g(a) + 6*n(a). What is x(3)?
-7
Let c(q) = 2*q**3 - 10*q**2 - 16*q - 16. Let s(x) = -3*x**3 + 21*x**2 + 31*x + 31. Let u(g) = 5*c(g) + 3*s(g). Let z = -10984 - -10972. Give u(z).
1
Suppose -12*w - 3 + 39 = 0. Suppose -w*b = 11 - 5. Let r(i) be the first derivative of i**3 - i**2/2 + 2*i + 1. Give r(b).
16
Let b(c) = 4*c + 6529*c**2 - 4 - 3261*c**2 - 3267*c**2. Let j = -132 - -125. Give b(j).
17
Suppose 9*y - 163 = -748. Let i = 73 + y. Let t(j) be the second derivative of j**5/20 - 7*j**4/12 - 7*j**3/6 - 5*j**2/2 - 7*j. What is t(i)?
3
Let n(f) = -467*f - 3265. Let a be n(-7). Let m(u) = -37*u + 142. What is m(a)?
-6
Let h(t) = 1. Let m(v) = -7*v**2 + 7*v + 4. Let k(d) = 3*d**2 - 3*d - 2. Let n(w) = -5*k(w) - 2*m(w). Let f(i) = -2*h(i) + 2*n(i). Give f(-3).
-22
Let w(y) = -58*y - 1. Suppose 29*o + 4 - 35 - 27 = 0. What is w(o)?
-117
Let v(r) = 27 + 17*r + 0*r + 13*r - 25*r. What is v(-5)?
2
Let m(p) be the first derivative of p**3/3 + 2*p**2 - 23*p - 103. What is m(-8)?
9
Let c be (5 - 54/12)*10. Suppose 0 = 2*w - 0*v - 2*v + 2, 0 = c*w + 4*v - 22. Let k(d) = 2*d - 3. Determine k(w).
1
Let y(n) = 4*n + 32. Let q = 15721 - 15726. What is y(q)?
12
Let m(h) = h**3 + 4*h**2 + h - 4. Let x be m(-3). Let a be (1 + x)*(33/(-9))/11. Let n(p) = 1 + 8*p + 0 + 8*p + 0. What is n(a)?
-15
Let t(j) = -4*j - 9. Let d(z) = -z**2 + 60*z - 798. Let n be d(40). Give t(n).
-17
Suppose -47*v + 40 = 29 - 271. Let n(s) = -2*s**2 + 4*s - 20. Determine n(v).
-68
Let j(o) be the first derivative of 11*o**3 + 5*o**2/2 - 2*o - 169. Calculate j(1).
36
Let n be 287/(-21) - (-2)/(-6). Let r(t) = -12*t - 3*t + 10 + 6*t + 10*t + 5. Calculate r(n).
1
Let h(j) = -57*j - 60. Let m(u) = 37*u + 40. Let f(l) = -5*h(l) - 8*m(l). What is f(-6)?
46
Let y(f) = 3*f**2 - 8*f + 1. Let l(o) = -10*o**2 + 26*o - 2. Let c(x) = -5*l(x) - 16*y(x). Let r = -479 - -482. Give c(r).
6
Let q(w) = -3*w + 75*w**2 + 1 - 2 - 215*w**2 + 72*w**2 + 73*w**2 - w**3. Suppose -2*k = 3*k - o - 22, -22 = -3*k + 5*o. What is q(k)?
3
Let o(t) = t**3 - 7*t**2 + 7*t - 16. Suppose 5*u - 21 = -3*a, 0 = -80*u + 82*u + a - 9. What is o(u)?
-10
Let l(s) = 3*s + 40. Let x be (0 + 2/6)*(-113 - -65). Give l(x).
-8
Let a = -2500 + 2583. Let x = -199 - -118. Let j = a + x. Let r(b) = -b**3 - 2*b**2 + b. Determine r(j).
-14
Let k(x) = 2*x - 1. Let h(n) = 0*n**2 + 17*n**2 - 66*n + 20 + 65*n - n**3. Suppose 4*l + 9 = v - 8, 3*l = -v + 17. Let b be h(v). Calculate k(b).
5
Let u(w) = -14*w + 756 - w**2 - 386 - 375. Give u(-9).
40
Let v(g) be the third derivative of g**6/120 + 13*g**5/60 + 7*g**4/12 + 7*g**3/3 - 702*g**2 + 5*g. Give v(-12).
-10
Let b(x) = -4 - 4160*x - 2*x**3 + 4*x**2 - 9 + 4157*x + 3*x**3. What is b(-4)?
-1
Let t(s) be the first derivative of -s**4/4 - 7*s**3/3 + 6*s**2 - 10*s + 1898. Calculate t(-9).
44
Let f(r) be the first derivative of 27*r**2/2 - 15*r + 1956. Give f(2).
39
Let g(z) = -2*z**2 + 7*z - 4. Suppose -5*n - 41 = 2*y - 53, 16 = 2*n - 2*y. Calculate g(n).
-8
Let x(s) = -4*s**3 - 2*s**2 + 4*s + 1. Suppose -35*d + 57*d + 54*d + 228 = 0. What is x(d)?
79
Suppose -5*v = 3*d - 15, 224*v - 6 = 222*v - 4*d. Let n(r) be the second derivative of -1/12*r**4 + 8*r + r**v + 0 - 1/2*r**2. Calculate n(6).
-1
Let y = 1754 + -1757. Let m(a) = -4*a - 6. What is m(y)?
6
Let n(q) = -q**3 - 2*q**2 + 2. Suppose -5*p + 5 = 5*u, -70*p + 2*u - 11 = -75*p. Suppose r - 2 = -f, f + 2*r - 3 = p. Give n(f).
2
Let z(r) = 170*r + 6. Let h be z(5). Let k(x) = h*x + 853*x - 1705*x. Determine k(-1).
-4
Let i(b) = -37*b**3 - 456*b**2 - 13*b - 4. Let s(v) = -13*v**3 - 130*v**2 - 4*v - 1. Let d(u) = 2*i(u) - 7*s(u). Let o be (-1)/(0 - 0 - 1). Determine d(o).
16
Let c(i) = -i**2 + i - 2. Let o(x) = 14*x - 23. Let y be o(2). Suppose 2*s = -y*m - 8, m = 3*m + 5*s + 20. Determine c(m).
-2
Let q(u) = -u**2 + 14*u + 15. Let z(o) = -6*o + 33. Let m be (-6 + 7)/((-4)/8) - -5. Let f be z(m). Determine q(f).
